{"id":117,"date":"2021-06-28T11:25:24","date_gmt":"2021-06-28T11:25:24","guid":{"rendered":"https:\/\/gabriela-morschett.de\/wp-morschett\/?page_id=117"},"modified":"2026-02-23T10:59:24","modified_gmt":"2026-02-23T10:59:24","slug":"links","status":"publish","type":"page","link":"https:\/\/gabriela-morschett.de\/wp-morschett\/links\/","title":{"rendered":"Links"},"content":{"rendered":"<p>[et_pb_section fb_built=&#8220;1&#8243; _builder_version=&#8220;4.16&#8243; _module_preset=&#8220;default&#8220; global_colors_info=&#8220;{}&#8220;][et_pb_row column_structure=&#8220;1_3,2_3&#8243; _builder_version=&#8220;4.16&#8243; _module_preset=&#8220;default&#8220; global_colors_info=&#8220;{}&#8220;][et_pb_column type=&#8220;1_3&#8243; _builder_version=&#8220;4.16&#8243; _module_preset=&#8220;default&#8220; global_colors_info=&#8220;{}&#8220;][et_pb_text _builder_version=&#8220;4.16&#8243; _module_preset=&#8220;default&#8220; text_font_size=&#8220;16px&#8220; text_line_height=&#8220;2.4em&#8220; custom_padding=&#8220;||2px|||&#8220; global_colors_info=&#8220;{}&#8220;]<\/p>\n<h2>Galerien<\/h2>\n<p>[\/et_pb_text][\/et_pb_column][et_pb_column type=&#8220;2_3&#8243; _builder_version=&#8220;4.16&#8243; _module_preset=&#8220;default&#8220; global_colors_info=&#8220;{}&#8220;][et_pb_text _builder_version=&#8220;4.27.5&#8243; _module_preset=&#8220;default&#8220; hover_enabled=&#8220;0&#8243; global_colors_info=&#8220;{}&#8220; sticky_enabled=&#8220;0&#8243;]<\/p>\n<p>Galerie f\u00fcr Zeitgen\u00f6ssische Kunst<br \/>Frau Uli Lang<br \/>Pfluggasse 9<br \/>D-88400 Biberach<\/p>\n<p>E-Mail: <a href=\"mailto:galerie.ulilang@icloud.com\" target=\"_blank\" rel=\"noopener\">galerie.ulilang@icloud.com<\/a><\/p>\n<p>[\/et_pb_text][\/et_pb_column][\/et_pb_row][et_pb_row column_structure=&#8220;1_3,2_3&#8243; _builder_version=&#8220;4.16&#8243; _module_preset=&#8220;default&#8220; global_colors_info=&#8220;{}&#8220;][et_pb_column type=&#8220;1_3&#8243; _builder_version=&#8220;4.16&#8243; _module_preset=&#8220;default&#8220; global_colors_info=&#8220;{}&#8220;][et_pb_text _builder_version=&#8220;4.16&#8243; _module_preset=&#8220;default&#8220; text_font_size=&#8220;16px&#8220; text_line_height=&#8220;2.4em&#8220; custom_padding=&#8220;||2px|||&#8220; global_colors_info=&#8220;{}&#8220;]<\/p>\n<h2>Kunstvereine<\/h2>\n<p>[\/et_pb_text][\/et_pb_column][et_pb_column type=&#8220;2_3&#8243; _builder_version=&#8220;4.16&#8243; _module_preset=&#8220;default&#8220; global_colors_info=&#8220;{}&#8220;][et_pb_text _builder_version=&#8220;4.27.5&#8243; _module_preset=&#8220;default&#8220; hover_enabled=&#8220;0&#8243; global_colors_info=&#8220;{}&#8220; sticky_enabled=&#8220;0&#8243;]<\/p>\n<p>Freie M\u00fcnchner und Deutsche K\u00fcnstlerschaft e.V.<\/p>\n<p>Verein f\u00fcr Original-Radierung M\u00fcnchen<\/p>\n<p>Merdinger Kunstforum e.V.<br \/><a href=\"http:\/\/www.merdinger-kunstforum.de\" target=\"_blank\" rel=\"noopener\">www.merdinger-kunstforum.de<\/a><\/p>\n<p>Kunstkreis Radbrunnen Breisach<br \/><a href=\"https:\/\/kunstkreis-radbrunnen.de\" target=\"_blank\" rel=\"noopener\">https:\/\/kunstkreis-radbrunnen.de<\/a><\/p>\n<p>[\/et_pb_text][\/et_pb_column][\/et_pb_row][\/et_pb_section]<\/p>\n","protected":false},"excerpt":{"rendered":"<p>GalerienGalerie f\u00fcr Zeitgen\u00f6ssische KunstFrau Uli LangPfluggasse 9D-88400 Biberach E-Mail: galerie.ulilang@icloud.comKunstvereineFreie M\u00fcnchner und Deutsche K\u00fcnstlerschaft e.V. Verein f\u00fcr Original-Radierung M\u00fcnchen Merdinger Kunstforum e.V.www.merdinger-kunstforum.de Kunstkreis Radbrunnen Breisachhttps:\/\/kunstkreis-radbrunnen.de<\/p>\n","protected":false},"author":1,"featured_media":0,"parent":0,"menu_order":0,"comment_status":"closed","ping_status":"closed","template":"","meta":{"_et_pb_use_builder":"on","_et_pb_old_content":"","_et_gb_content_width":"","footnotes":""},"class_list":["post-117","page","type-page","status-publish","hentry"],"_links":{"self":[{"href":"https:\/\/gabriela-morschett.de\/wp-morschett\/wp-json\/wp\/v2\/pages\/117","targetHints":{"allow":["GET"]}}],"collection":[{"href":"https:\/\/gabriela-morschett.de\/wp-morschett\/wp-json\/wp\/v2\/pages"}],"about":[{"href":"https:\/\/gabriela-morschett.de\/wp-morschett\/wp-json\/wp\/v2\/types\/page"}],"author":[{"embeddable":true,"href":"https:\/\/gabriela-morschett.de\/wp-morschett\/wp-json\/wp\/v2\/users\/1"}],"replies":[{"embeddable":true,"href":"https:\/\/gabriela-morschett.de\/wp-morschett\/wp-json\/wp\/v2\/comments?post=117"}],"version-history":[{"count":8,"href":"https:\/\/gabriela-morschett.de\/wp-morschett\/wp-json\/wp\/v2\/pages\/117\/revisions"}],"predecessor-version":[{"id":236,"href":"https:\/\/gabriela-morschett.de\/wp-morschett\/wp-json\/wp\/v2\/pages\/117\/revisions\/236"}],"wp:attachment":[{"href":"https:\/\/gabriela-morschett.de\/wp-morschett\/wp-json\/wp\/v2\/media?parent=117"}],"curies":[{"name":"wp","href":"https:\/\/api.w.org\/{rel}","templated":true}]}}