{"id":104,"date":"2021-06-28T11:01:42","date_gmt":"2021-06-28T11:01:42","guid":{"rendered":"https:\/\/gabriela-morschett.de\/wp-morschett\/?page_id=104"},"modified":"2026-02-23T10:34:53","modified_gmt":"2026-02-23T10:34:53","slug":"biografie","status":"publish","type":"page","link":"https:\/\/gabriela-morschett.de\/wp-morschett\/biografie\/","title":{"rendered":"Biografie"},"content":{"rendered":"<p>[et_pb_section fb_built=&#8220;1&#8243; _builder_version=&#8220;4.16&#8243; _module_preset=&#8220;default&#8220; global_colors_info=&#8220;{}&#8220;][et_pb_row column_structure=&#8220;1_3,2_3&#8243; _builder_version=&#8220;4.16&#8243; _module_preset=&#8220;default&#8220; global_colors_info=&#8220;{}&#8220;][et_pb_column type=&#8220;1_3&#8243; _builder_version=&#8220;4.16&#8243; _module_preset=&#8220;default&#8220; global_colors_info=&#8220;{}&#8220;][et_pb_image src=&#8220;https:\/\/gabriela-morschett.de\/wp-morschett\/wp-content\/uploads\/2021\/06\/Atelieransicht2015-033_40.jpg&#8220; title_text=&#8220;Atelieransicht2015 033_40&#8243; _builder_version=&#8220;4.16&#8243; _module_preset=&#8220;default&#8220; global_colors_info=&#8220;{}&#8220;][\/et_pb_image][\/et_pb_column][et_pb_column type=&#8220;2_3&#8243; _builder_version=&#8220;4.16&#8243; _module_preset=&#8220;default&#8220; global_colors_info=&#8220;{}&#8220;][et_pb_text _builder_version=&#8220;4.27.5&#8243; _module_preset=&#8220;default&#8220; hover_enabled=&#8220;0&#8243; global_colors_info=&#8220;{}&#8220; sticky_enabled=&#8220;0&#8243;]<\/p>\n<h1>Biografie<\/h1>\n<h3><strong><\/strong><\/h3>\n<h3><strong>Gabriela Morschett<\/strong><\/h3>\n<p>1955 geboren in Stettin<br \/>1987-91 Studium an der Freien Hochschule f\u00fcr Bildende Kunst und Grafikdesign<br \/>bei Raul Bustamante in Freiburg\/Br.<br \/>lebt und arbeitet in M\u00fcllheim\/Baden<\/p>\n<h3>Auszeichnungen<\/h3>\n<p>1993 Kunstf\u00f6rderpreis der Sparkassenstiftung Markgr\u00e4flerland<br \/>2004 Ehrenpreis IV. Internationale Biennale f\u00fcr Zeichnung, Pilsen\/Tschechien<br \/>2025 Kunstpreis der Sparkassenstiftung Markgr\u00e4flerland<\/p>\n<h3>Arbeiten in \u00f6ffentlichem Besitz<\/h3>\n<p>Markgr\u00e4fler Museum M\u00fcllheim<br \/>Landratsamt Freiburg<br \/>Sparkasse Markgr\u00e4flerland<br \/>Mediathek M\u00fcllheim<br \/>Sammlung Universit\u00e4ts-Herzzentrum Bad Krozingen<br \/>im Museumsbestand Baden-W\u00fcrttemberg<\/p>\n<p>Morat-Institut f\u00fcr Kunst und Kunstwissenschaft Freiburg<br \/>Regierungspr\u00e4sidium Freiburg<\/p>\n<h3>Kunst in \u00f6ffentlichen R\u00e4umen<\/h3>\n<p>2000 Mediathek, M\u00fcllheim<\/p>\n<p>[\/et_pb_text][\/et_pb_column][\/et_pb_row][\/et_pb_section]<\/p>\n","protected":false},"excerpt":{"rendered":"<p>Biografie Gabriela Morschett 1955 geboren in Stettin1987-91 Studium an der Freien Hochschule f\u00fcr Bildende Kunst und Grafikdesignbei Raul Bustamante in Freiburg\/Br.lebt und arbeitet in M\u00fcllheim\/Baden Auszeichnungen 1993 Kunstf\u00f6rderpreis der Sparkassenstiftung Markgr\u00e4flerland2004 Ehrenpreis IV. Internationale Biennale f\u00fcr Zeichnung, Pilsen\/Tschechien2025 Kunstpreis der Sparkassenstiftung Markgr\u00e4flerland Arbeiten in \u00f6ffentlichem Besitz Markgr\u00e4fler Museum M\u00fcllheimLandratsamt FreiburgSparkasse Markgr\u00e4flerlandMediathek M\u00fcllheimSammlung Universit\u00e4ts-Herzzentrum Bad Krozingenim [&hellip;]<\/p>\n","protected":false},"author":1,"featured_media":0,"parent":0,"menu_order":0,"comment_status":"closed","ping_status":"closed","template":"","meta":{"_et_pb_use_builder":"on","_et_pb_old_content":"","_et_gb_content_width":"","footnotes":""},"class_list":["post-104","page","type-page","status-publish","hentry"],"_links":{"self":[{"href":"https:\/\/gabriela-morschett.de\/wp-morschett\/wp-json\/wp\/v2\/pages\/104","targetHints":{"allow":["GET"]}}],"collection":[{"href":"https:\/\/gabriela-morschett.de\/wp-morschett\/wp-json\/wp\/v2\/pages"}],"about":[{"href":"https:\/\/gabriela-morschett.de\/wp-morschett\/wp-json\/wp\/v2\/types\/page"}],"author":[{"embeddable":true,"href":"https:\/\/gabriela-morschett.de\/wp-morschett\/wp-json\/wp\/v2\/users\/1"}],"replies":[{"embeddable":true,"href":"https:\/\/gabriela-morschett.de\/wp-morschett\/wp-json\/wp\/v2\/comments?post=104"}],"version-history":[{"count":10,"href":"https:\/\/gabriela-morschett.de\/wp-morschett\/wp-json\/wp\/v2\/pages\/104\/revisions"}],"predecessor-version":[{"id":232,"href":"https:\/\/gabriela-morschett.de\/wp-morschett\/wp-json\/wp\/v2\/pages\/104\/revisions\/232"}],"wp:attachment":[{"href":"https:\/\/gabriela-morschett.de\/wp-morschett\/wp-json\/wp\/v2\/media?parent=104"}],"curies":[{"name":"wp","href":"https:\/\/api.w.org\/{rel}","templated":true}]}}